at is the remainder when r is divided by 16?
15
Suppose -144 = -m - 2*m + 3*g, -192 = -4*m - 2*g. Calculate the remainder when m is divided by 7.
6
What is the remainder when 77 is divided by 0/(-2) + (5 - 1)?
1
Suppose 0 = 3*t - 2*t - 105. What is the remainder when t is divided by 27?
24
Suppose 0 = -5*h - 23 + 68. Calculate the remainder when 34 is divided by h.
7
Suppose -25 - 29 = -3*q. Suppose 0 = 2*j + 2*j + 3760. What is the remainder when j/(-18) - (-4)/(-18) is divided by q?
16
Let l be (3 - 18/2)/(-2). Suppose -i + l*i = 22. What is the remainder when i is divided by 3?
2
Suppose -3*w + 92 = w. Let a = 11 - 3. What is the remainder when w is divided by a?
7
Let f(l) = 16*l**2 + 2*l + 1. Calculate the remainder when f(-1) is divided by (1/(-4))/1 - (-264)/32.
7
Suppose 4*n - n - 102 = 2*x, 5*n - 186 = -2*x. Suppose 5*d - 67 = 28. Calculate the remainder when n is divided by d.
17
Suppose -8*f + 15 = -3*f. Let w = 27 + -24. What is the remainder when f is divided by w?
0
Suppose 98 = 2*x + 12*x. Suppose -j - 4 = 3*j. Let c = 3 - j. What is the remainder when x is divided by c?
3
Let c = -33 - -46. Suppose 0 = 2*q + 5*q - 252. Calculate the remainder when q is divided by c.
10
Calculate the remainder when (1 - 4)*((-288)/27 - -5) is divided by (1*-1)/(1/(-9)).
8
What is the remainder when 13 is divided by (-3 + 1)/((-3)/12)?
5
Let o(t) = 5*t**2 - 5. What is the remainder when 27 is divided by o(2)?
12
Let q(l) be the third derivative of 19*l**5/60 - 5*l**4/24 + l**3/2 + 2*l**2. Let i be q(3). Let s = i - 110. Calculate the remainder when s is divided by 17.
15
Let x(b) be the first derivative of -b**2 + 4*b + 6. Let m = 16 - 10. Calculate the remainder when x(-9) is divided by m.
4
Suppose -3*n - 65 = -3*i - 4*n, -5*n - 35 = -3*i. Let x(z) = -z**2 + 9*z + 2. Let s be x(8). What is the remainder when i is divided by 286/65*s/4?
9
Let g(u) = u + 11. Let i be g(-9). Suppose 7 + 5 = i*o. Let f(l) = -2*l - 4. What is the remainder when f(-7) is divided by o?
4
Let m(t) = -t + 17. What is the remainder when m(11) is divided by 3?
0
Suppose 4*s = 10*s - 42. What is the remainder when 27 is divided by s?
6
Suppose -2*t = n - 2*n - 16, 0 = -t - 3*n + 8. Let d = -19 - -41. What is the remainder when d is divided by t?
6
Let b be (0 + -4)*(-27)/(-12). Let k = b + 18. What is the remainder when k is divided by (-3)/(-1)*10/6?
4
Let o(q) = 14*q - 1. Calculate the remainder when 25 is divided by o(1).
12
Suppose 0 = 2*x - 2 - 16. Let i be (-4)/(16/(-12)) + -1. Calculate the remainder when 15 is divided by i + (0 - 3) + x.
7
Suppose 0*o + 2*o = 4. Suppose 2*q = -3*q + 75. What is the remainder when 26 + 3*(o - 1) is divided by q?
14
Let k = -14 + 25. Calculate the remainder when (16/5)/(2/20) is divided by k.
10
Let v(o) = 9*o**3 - o**2 - o + 1. Let u(x) = -x**2 + 9*x + 11. Let b be u(10). What is the remainder when 15 is divided by v(b)?
7
Let c be (-25)/(-2)*2*-1. Let l be -43 - (-4)/((-8)/(-6)). Let m = c - l. Calculate the remainder when m is divided by 8.
7
Suppose -5*s = -137 + 37. Suppose c + 33 = 4*c. Calculate the remainder when s is divided by c.
9
Let y = -67 + 69. What is the remainder when 6 is divided by y?
0
Let w be (-39)/(-9)*3 + 1. Suppose -26 - w = -5*u. What is the remainder when u is divided by 5?
3
Let m(q) = -2*q + 3. Let o(r) = -7*r - 9. Let c be o(-8). Suppose -4*b + 125 + c = 0. What is the remainder when b is divided by m(-6)?
13
Suppose 3*s - 132 = -0*f - 3*f, 3 = 3*s. Let w = -26 + f. What is the remainder when 30 is divided by w?
13
Let i = -30 - -144. What is the remainder when i is divided by 39?
36
Let a be (-1 - 0 - 1) + 22. Let b = a + -14. What is the remainder when 49 is divided by (-153)/b*6/(-9)?
15
Suppose 2*u = z + 2 - 12, -3*u - 9 = 0. Let x be 2 - (-1 + (-2)/2). Let l(w) = 2*w + 3. What is the remainder when l(x) is divided by z?
3
Let b be (-10)/4*6/(-5). Let q be ((-18)/(-4))/(b/20). Suppose -r = -3*r + q. What is the remainder when 43 is divided by r?
13
Let n(d) = d**2 - d + 5. Let g(x) = -x**3 - 4*x**2 - 2*x - 4. Let l be g(-4). Suppose -3*w + 5 = -l*w. What is the remainder when n(w) is divided by 18?
17
Let g be (-6)/15 - (-4)/10. Suppose g = 5*t - 8 - 12. Suppose 4*j + t*x - 28 = -0*j, x = 4*j - 53. What is the remainder when 34 is divided by j?
10
Let i = 141 + -135. What is the remainder when 14 is divided by i?
2
Let z(i) = 15*i**3 - 2*i**2 + 3*i - 1. Calculate the remainder when z(2) is divided by 30.
27
Let x be ((-10)/(-15))/(1/3). Let f = x - 0. Suppose -f*y + 5 = -o, y = -0*y + 5*o - 2. What is the remainder when 4 is divided by y?
1
Suppose -n = -0*n - 7. Calculate the remainder when 21 is divided by (84/(-49))/((-2)/n).
3
Let u(p) = -p**2 - 7*p + 10. Let y(f) = f - 1. Let b be y(-6). Let t(c) = -2*c - 6. What is the remainder when u(b) is divided by t(-5)?
2
Suppose -i - 33 = -4*i. What is the remainder when 2 - 1 - (-34 + 5) is divided by i?
8
Suppose 1 = s, 2*s = 2*g - s - 1. Suppose 2*t + 0*t = g. Suppose r - 4*i + 11 + 8 = 0, 0 = 3*i - 15. What is the remainder when r is divided by t?
0
Let x(f) = f**2 + 5*f - 2. Let q be x(-5). Calculate the remainder when (0 - 1)*10/q is divided by 4.
1
Suppose -k + 152 = -5*w, 2*w + 48 = -k - 10. Let r = 2 - w. Suppose 2*o + r = 2*c + o, 60 = 4*c - o. Calculate the remainder when 26 is divided by c.
12
Let a = 115 - 57. Let f = -17 + 28. Calculate the remainder when a*(-1)/(-2) + 2 is divided by f.
9
Suppose 0 = 3*x - 3*b - 327, -4*b + 0*b - 16 = 0. Calculate the remainder when x is divided by 36.
33
Calculate the remainder when 23 is divided by (8/6)/(13/117).
11
What is the remainder when 6/6 + 4*2 is divided by 3?
0
Let z be 42/(-4)*(-3 - 5). Suppose 4*r - 2*r - z = 0. What is the remainder when r is divided by 22?
20
Let u(q) = -q**3 + 4*q**2 - 2*q - 1. Let x be u(3). Suppose -3*a + x*a + 10 = 0. Let t = a - 7. Calculate the remainder when 3 is divided by t.
0
Suppose -3*z + 2*z = -19. Calculate the remainder when 73 is divided by z.
16
Suppose k = -3*v + 9, 11 + 4 = 3*v + 3*k. What is the remainder when (-31 - v)*6/(-9) is divided by 8?
6
Let g(b) = -b**3 - 2*b**2 + 5*b + 6. Let u(f) = 10*f - 8. Let d(p) = p**2 - 3. Let a be d(3). What is the remainder when u(a) is divided by g(-4)?
16
Let m = -6 + 15. Suppose 3*h - 4 + 10 = 0. Let k = h + m. What is the remainder when 11 is divided by k?
4
Let a(v) = 13*v**3 + 2*v**2 + v - 2. Calculate the remainder when 39 is divided by a(1).
11
Suppose 5*q = 239 + 111. Suppose q = d + 4*d. Calculate the remainder when 39 is divided by d.
11
Calculate the remainder when (-9)/(6/(-2)) - -7 is divided by 4.
2
Let k(f) = f**2 - 2. Let d be k(-2). Suppose -3*q = -2*x + 33, d*x - 15 = -q + 6. What is the remainder when x is divided by 7?
5
Let z = 10 + -5. Suppose 0 = -z*y + y. Suppose y = 3*g + 4*d - 37, 2*g + 0*d = 5*d + 17. Calculate the remainder when g is divided by 6.
5
Let m(y) = -6*y + 56. Suppose 0 = 3*r + 3*j - 171, 6*r + j - 165 = 3*r. Calculate the remainder when r is divided by m(7).
12
Suppose -4*d - 3*m + 6*m = -144, 0 = -4*d - 2*m + 144. Calculate the remainder when 178 is divided by d.
34
Let j(m) = -m**2 + 10*m - 2. Let x be j(10). Let l(u) = u**3 + 5*u**2 - 1. What is the remainder when 31 is divided by l(x)?
9
Calculate the remainder when 54 is divided by ((-7)/((-84)/(-8)))/(6/(-171)).
16
Let h(f) = -f**3 + 6*f**2 - 2. Let a be h(6). Suppose p = 2*o - 19, -4*p - 48 - 4 = -5*o. Calculate the remainder when ((-2)/3)/(a/69) is divided by o.
7
Suppose -3*l + 4 = -l. Suppose a = -l*y + 4*a - 1, -4*y + 13 = -3*a. What is the remainder when (9 + 3)*(28/8 - 2) is divided by y?
4
Let y = -5 - -10. Calculate the remainder when (1 - 2)/((-126)/117 - -1) is divided by y.
3
Suppose 2*w = 4*w - 102. Let d = 0 - 0. Suppose b + b + 3*k - 26 = d, -5*b = -k - 65. Calculate the remainder when w is divided by b.
12
Let q = 6 + -13. Let o be 10/14 + (-2)/q. Calculate the remainder when 36 is divided by -2 - -12 - (-4 + o).
10
Let w(o) = -o**2 - 10*o + 4. Let t be w(-10). Suppose 2 = -h, 2*h = -t*j - 1 + 5. Let c(z) = -z**2 - 5*z - 2. What is the remainder when j is divided by c(-4)?
0
Let l = 86 + 18. What is the remainder when l is divided by 35?
34
Let u be 0 + 0 - 2*-9. Suppose 2 = d, -1 = -x - 3*d + u. Wha